(w) be the second derivative of d(w). What are the prime factors of b(7)?
139
Suppose 45*q = 44*q + 6. Let x(o) = -38 - 3*o**2 + q*o**2 - 12*o - o**2 - o. What are the prime factors of x(12)?
2, 47
Let f be (-2)/3 - ((-11728)/6)/4. Suppose 0 = -f*z + 483*z + 3410. List the prime factors of z.
2, 11, 31
Let v = -2 + -10. Let f(s) = -s**3 - 8*s**2 + 17*s + 16. Let y be f(v). Suppose -3*t + 8*t = -4*a + y, -20 = 5*t. List the prime factors of a.
2, 3, 17
Let z(x) = 3166*x - 1291. What are the prime factors of z(17)?
131, 401
Let n be 72/(-180) - 38/5. What are the prime factors of (-10*(-2)/(-4) - n) + 1121?
2, 281
Let b(m) = -5*m**3 + 5*m**2 - 96*m + 24. List the prime factors of b(-11).
2, 3, 5, 139
Let b(r) = -10*r**2 + 106*r - 308. Let k be b(3). Let v be 20*2*-1 - -1. Let q = v - k. List the prime factors of q.
41
Suppose -27*h + 2*v + 100 = -22*h, 85 = 5*h + v. Let k = h - -823. What are the prime factors of k?
29
Let g(f) = 127*f**2 + 3*f + 4. Suppose -3*b + 7 = 5*c, 3*c + 6 = 2*b + 14. What are the prime factors of g(b)?
2
Let w be (1 + -16)*34/(-85). Suppose 3*n = n + w. Suppose -n*z - 25 = -142. What are the prime factors of z?
3, 13
Let x be (-45)/6*90/(-27). Suppose -x*d + 1952 = -29*d. List the prime factors of (d/5)/((-10)/25).
2, 61
Let o be (5 - 5)/(-1 + 0). Suppose 3*r = -2*c - 3, 0 = 4*c - o*r + 2*r - 6. Suppose 2*x = 8, c*i + 5*x - 74 + 24 = 0. List the prime factors of i.
2, 5
Suppose -11*l - 4*d + 1860 = -7*l, -l + 474 = -2*d. Suppose -466*m - 790 = -l*m. List the prime factors of m.
5, 79
Let u be (1/(-2) - 1)*(-650)/(-75). Let h(a) = 2*a**2 + 21*a + 64. What are the prime factors of h(u)?
3, 43
Let u(b) = 17*b + 3383. What are the prime factors of u(0)?
17, 199
Suppose 2*b = 7*b - 50. Let a be b - (5 + -1 - -1). Suppose -a*d - 1070 = -4*o, 541 = 5*o - 4*d - 801. List the prime factors of o.
2, 3, 5
What are the prime factors of (476/154 + -3)*66077?
6007
Suppose 4*a = -4*p - 28, -5*a + 65 = -p - 4*p. What are the prime factors of (16/p - (-6)/(-15)) + 244?
2, 11
Suppose 3*a = -5*n + 39, 4*n - 5*a - 27 = 19. Suppose 47 = -2*p - b, -2*p = -4*b + n + 13. List the prime factors of (-472)/(-14) + -1 - 6/p.
3, 11
Suppose -u + 248 + 190 = 0. Suppose 2*a - u = 4*t, 211 = -4*a + 5*a - 4*t. List the prime factors of a.
227
Let a(x) = 9*x**2 + x. Let r be a(4). Let g be 56/(-154) - 42/66. What are the prime factors of 0 - g - (-1 + r)/(-3)?
2, 5
Let v(s) = 4*s**3 - 139*s**2 - 138*s + 361. List the prime factors of v(42).
13, 3517
Let j = -13 - -15. Let o(y) = 10*y**2 - 14 + 2*y - 11 + 20. What are the prime factors of o(j)?
3, 13
Let y be (-1)/(-14) + (-13)/(-14). What are the prime factors of (y/(3/496))/((-8)/(-48))?
2, 31
Suppose 2591497 = 64*z + 34*z + 536731. List the prime factors of z.
3, 29, 241
Suppose -2 = 8*i - 9*i. Suppose 4*h - 268 = -i*t, -4*h + 161 + 105 = 3*t. List the prime factors of h.
2, 17
Suppose 5*k + 35 = 6*k. What are the prime factors of (-422)/(-7) + (-10)/k?
2, 3, 5
What are the prime factors of (-21)/6*((-6)/15 + (-174430)/175)?
2, 5, 349
Suppose -24*b + 95856 + 729720 = 0. What are the prime factors of b?
41, 839
What are the prime factors of ((-64)/(-12))/8 + (-2166152)/(-114)?
2, 3, 3167
Suppose 0 = 3*u - 4*a - 3404, -4246 - 261 = -4*u - a. Suppose -17*n = -u - 3530. List the prime factors of n.
2, 137
Let w(p) = 22*p**3 - 3*p**2 - 4*p - 7. Let x be w(4). Let d = -678 + x. List the prime factors of d.
659
Suppose -2*f + 4*s = -0*f + 304, -4*s = 5*f + 704. What are the prime factors of (-5)/(5/f)*14/4?
2, 3, 7
Let a(u) = -u**3 - 7*u**2 - 8*u - 9. Let o be a(-6). Let r(z) = z**2 - 4*z + 3. Let n be r(o). Suppose n = 3*y - y - 124. What are the prime factors of y?
2, 31
Let j be (2 - -4) + 1469 + -4. Suppose -4*o + j + 69 = 0. List the prime factors of o.
5, 7, 11
Let u = -8 + 10. Suppose -3*o - u*o - 60 = 0. List the prime factors of (4 + o)*(-1 - 1/2).
2, 3
Suppose 0 = -11*k + 12 - 78. Let y = k - -250. What are the prime factors of y?
2, 61
Let i = -13 + 13. Suppose 8 = -i*c - 2*c. What are the prime factors of 1*(57 + c) - -4?
3, 19
Let b = -1260 + 1257. Suppose -y - y - 430 = -2*d, y + d = -215. What are the prime factors of b/1 - (-5 + y + -3)?
2, 5, 11
What are the prime factors of -56*(-11)/(1232/11046)?
3, 7, 263
Let s(b) = 114*b**2 - 99*b + 1227. List the prime factors of s(21).
2, 3, 8237
Suppose 224*v - 2444713 - 1007562 + 549683 = 0. List the prime factors of v.
2, 11, 19, 31
Suppose -31 = 2*z - 7*z + 2*x, 4*x + 37 = 5*z. Suppose 0 = -z*g - b + 181, -4*g = -0*b - 5*b - 168. List the prime factors of g.
37
Suppose -672698 + 1526131 = 33*n - 1295131. What are the prime factors of n?
2, 41, 397
Suppose -842682 = -19081*j + 19052*j. What are the prime factors of j?
2, 3, 29, 167
Let z be (-1)/(-6)*3*(-1 + 3). What are the prime factors of 464/12*z*12?
2, 29
Suppose -23 = -5*j - 3. Suppose -19*q - s = -22*q + 613, 2*s = j. What are the prime factors of q?
5, 41
Suppose -3*n - 2*k - 57 = 0, -k = 3 - 0. Let z = 89 + n. What are the prime factors of z?
2, 3
Let q(d) = 2729*d**2 - 218*d - 1017. List the prime factors of q(-5).
2, 3, 11383
Suppose 0 = 5*u - 65 + 55. List the prime factors of ((-553)/21 - -7)*(-3)/u.
29
Let b = 16067 + -4028. What are the prime factors of b?
3, 4013
Suppose -10*r + 11*r - 3*o = -6, -2*o + 18 = 4*r. Let g = r + 96. List the prime factors of g.
3, 11
List the prime factors of (-114)/54 + 2 + 1322948/99.
7, 23, 83
Let x = -41 - -44. Suppose 2*a = -x*w + 6 + 9, 5*a = 5*w - 25. Suppose z + a = 94. What are the prime factors of z?
2, 47
Suppose 0 = f + 5*h - 15, 0*f + 56 = 3*f + 4*h. Let o(p) = 51 + 2*p + f - 28. What are the prime factors of o(0)?
43
Let r = 6748 + -5267. What are the prime factors of r?
1481
Suppose p - 3*p = -6. Suppose 3*q - q = -4, p*s + 386 = -4*q. Let z = s - -220. What are the prime factors of z?
2, 47
Let t be 208/(-6)*3/2 + 5. Let u(x) = 2*x - 13. Let i be u(9). What are the prime factors of (-2)/5*i*t + 3?
97
What are the prime factors of 20498 + (30/6 - -6)?
20509
List the prime factors of (-668)/501 + 34/(-6) - (-2 - 25075).
2, 5, 23, 109
Let k(m) = 4*m**3 + m - 2. Let d be k(1). Suppose 5*y - 2*b + d*b = 2337, -b + 465 = y. What are the prime factors of y?
2, 3, 13
Suppose -5*z + 10*z + 5*p + 26135 = 0, 4*z + 5*p + 20905 = 0. What are the prime factors of (3/6)/((-5)/z)?
523
Suppose 10*c = -351 + 381. Suppose 5*n = 3*n + l + 3978, c*l - 6 = 0. List the prime factors of n.
2, 5, 199
Let h = 201 - -3007. List the prime factors of h.
2, 401
Let c = 2782 + 14221. What are the prime factors of c?
7, 347
Let f = 80 + -204. List the prime factors of f/(-31) + 382*1.
2, 193
Suppose 14*p = -k + 19*p + 15, -2*k - 2*p = -6. Suppose b - 426 = -3*s + 594, 697 = 2*s - k*b. What are the prime factors of s?
11, 31
Let v = 1 + 2. Suppose 2*s = -2*p, 5*p = 2*p + v*s. Suppose 4*t = -k - p + 8, 5*t - 23 = 2*k. List the prime factors of t.
3
Let a = -120 - -370. Let t be ((-2)/6*a)/(5/(-45)). Suppose -5*d + 591 = 3*h + h, 4*d - t = -5*h. List the prime factors of h.
2, 7, 11
Suppose 0 = -108*j - 74*j + 18*j + 11418828. List the prime factors of j.
3, 23209
What are the prime factors of 1*3/5 + ((-1215207)/(-105) - -17)?
67, 173
Suppose 3*l - 24444 = -2*v, -5*l + v + 32581 = -l. List the prime factors of l.
2, 4073
Suppose 0 = -3*l + 4*j + 21438, 14291 = -352*l + 354*l - 3*j. What are the prime factors of l?
2, 5, 11, 13
Suppose 7*h - 6*l + l = 12788, 4*h - 3*l - 7307 = 0. List the prime factors of h.
31, 59
Let p = 8716 - 1330. List the prime factors of p.
2, 3, 1231
Let c = 668 + -842. Let i = c - -1173. List the prime factors of i.
3, 37
Suppose 6*v = 2*v - 16, -4*o - 4*v + 4496 = 0. Let t = o + 508. What are the prime factors of t?
2, 409
Let b(z) = 24*z**2 - 152*z + 597. List the prime factors of b(-27).
3, 7, 151
Let s(t) = -t**3 + 22*t**2 + 3*t - 52. Let r be s(22). Suppose -r*l + 768 + 730 = 0. List the prime factors of l.
107
Let q(k) be the third derivative of k**6/120 - 13*k**5/60 + 5*k**3/6 + 16*k**2. Let u be q(13). Suppose t + u = 52. List the prime factors of t.
47
Let l be ((586 + 3)/1)/(20/20). Let v = l - 386. List the prime factors of v.
7, 29
Let m(c) = -c**2 - 36*c + 15. Let p be m(-17). Suppose 2*s - i = 670, -6*s + p = -5*s + i. What are th